{"id":376,"date":"2020-05-29T10:31:20","date_gmt":"2020-05-29T08:31:20","guid":{"rendered":"https:\/\/test.spokojnamacka.sk\/?page_id=376"},"modified":"2021-06-05T12:40:28","modified_gmt":"2021-06-05T10:40:28","slug":"odporucania","status":"publish","type":"page","link":"https:\/\/www.spokojnamacka.sk\/?page_id=376","title":{"rendered":"Odpor\u00fa\u010dania"},"content":{"rendered":"\n<p><strong>H<\/strong>otel Spokojn\u00e1 ma\u010dka som za\u010dala vyu\u017e\u00edva\u0165, ke\u010f m\u00f4j koc\u00far Tom bol e\u0161te\u00a0ma\u010diatko (2019), lebo som nena\u0161la zodpovedn\u00e9ho \u010dloveka, ktor\u00fd by ho po\u010das mojej nepr\u00edtomnosti s l\u00e1skou opatril. Najviac som sa ob\u00e1vala, \u017ee by pr\u00edpadn\u00e9mu opatrovn\u00edkovi\u00a0utiekol, alebo keby nastal nejak\u00fd probl\u00e9m, obratom by ma\u00a0kontaktovali, \u017ee si m\u00e1m pre neho pr\u00eds\u0165. A to by bola\u00a0na dovolenke, pr\u00edpadne na slu\u017eobnej ceste ve\u013emi zl\u00e1 spr\u00e1va.\u00a0Okrem toho \u2013\u00a0nie ve\u013ea \u013eud\u00ed je ochotn\u00fdch po zvieratku upratova\u0165 a sledova\u0165, ako mu paz\u00farikmi \u201evylep\u0161uje\u201c seda\u010dku.\u00a0Hotel som si dobre obzrela a hne\u010f mi bolo jasn\u00e9, \u017ee ho prev\u00e1dzkuj\u00fa \u013eudia, ktor\u00ed maj\u00fa zvieratk\u00e1 radi. Okrem \u201ehost\u00ed\u201c maj\u00fa aj vlastn\u00e9 micky na dvore a do starostlivosti o ma\u010di\u010dky s\u00fa zapojen\u00e9 aj dc\u00e9ry dom\u00e1cich. Tak\u017ee m\u00f4j Tom\u00ed\u010dek z\u00edskal nielen kopu chlpat\u00fdch kamo\u0161ov, pekn\u00fa ve\u013ek\u00fa voli\u00e9ru, vonkaj\u0161\u00ed v\u00fdbeh, ale aj svoju\u00a0\u201echy\u017en\u00fa\u201c, \u201eserv\u00edrku\u201c a \u201ebabysiterku\u201c. Hotel je \u010dist\u00fd, pekne zariaden\u00fd, s funk\u010dn\u00fdmi preliezkami a hra\u010dkami. Diev\u010dat\u00e1 ma\u010di\u010dky pomojkaj\u00fa, popestuj\u00fa a pohraj\u00fa sa s nimi. Ale za najv\u00e4\u010d\u0161\u00ed benefit poklad\u00e1m istotu, \u017ee v\u010faka dvojit\u00fdm dver\u00e1m ma\u010di\u010dky nem\u00f4\u017eu utiec\u0165 a keby nedajbo\u017ee niektor\u00e1 ochorela, majitelia s \u0148ou absolvuj\u00fa n\u00e1v\u0161tevu lek\u00e1ra bez toho, aby som sa musela\u00a0n\u00e1hli\u0165 pre svoje zvieratko a ob\u00e1va\u0165 sa, \u010do sa s n\u00edm deje. Samozrejme, ka\u017ed\u00e1 ma\u010di\u010dka je in\u00e1 a m\u00e1 svoju povahu. Niektorej mo\u017eno chv\u00ed\u013eu trv\u00e1, k\u00fdm sa s ostatn\u00fdmi za\u010dne kamar\u00e1ti\u0165. M\u00f4j Tom\u00a0je\u00a0v\u0161ak po pr\u00edchode k Rajn\u00e1kovcom tak\u00fd nad\u0161en\u00fd, \u017ee\u00a0ke\u010f odch\u00e1dzam, ani mi nevenuje poh\u013ead. Okam\u017eite si h\u013ead\u00e1 kamo\u0161ov (v\u00a0j\u00fali a v auguste\u00a0bolo v hoteli asi 20 ma\u010di\u010diek, cez Vianoce podobne) a \u201elabka hore \u2013 ide sa \u017ei\u0165\u201c:-)\u00a0Vianoce 2019\/2020 pobudol v hoteli cel\u00fd mesiac a na fotk\u00e1ch vidno, \u017ee to bol najlep\u0161\u00ed dar\u010dek, ak\u00fd som mu mohla da\u0165.\u00a0<\/p>\n\n\n\n<p>Nora &nbsp;K.<\/p>\n\n\n\n<p><\/p>\n\n\n\n<p><strong>D<\/strong>obry den pan Rajnak,<\/p>\n\n\n\n<div class=\"wp-block-image\"><figure class=\"alignright is-resized\"><a href=\"https:\/\/www.spokojnamacka.sk\/wp-content\/uploads\/2018\/11\/IMG_2341.png\"><img decoding=\"async\" loading=\"lazy\" src=\"https:\/\/www.spokojnamacka.sk\/wp-content\/uploads\/2018\/11\/IMG_2341-255x300.png\" alt=\"\" class=\"wp-image-1343\" width=\"161\" height=\"189\"\/><\/a><\/figure><\/div>\n\n\n\n<p>Chceli by sme sa V\u00e1m a Va\u0161ej rodine po\u010fakova\u0165 za varovanie na\u0161ej Belly po\u010das na\u0161ej dovolenky.Ocenujem Va\u0161u \u00fastretovos\u0165 a ochotu vzia\u0165 na\u0161u ma\u010di\u010dku aj napriek tomu, z\u017e sme o pobyt po\u017eiadali len de\u0148 pred odchodom na dovolenku, nako\u013eko nam varovanie odriekli zn\u00e1mi na posledn\u00fa chv\u00ed\u013eku.Na\u0161a Bella sa citila vo va\u0161om hoteli skvele a bolo o \u0148u prvotriedne postaran\u00e9. Pozit\u00edvna atmosfera a l\u00e1ska je u v\u00e1s v\u0161adepritomn\u00e1 a to c\u00edtia i ma\u0161i\u0161ky. Preto sa u v\u00e1s dobre c\u00edtia.&nbsp;&nbsp;Dakujeme e\u0161te raz a ur\u010dite do bud\u00facna znova vyu\u017eijeme v\u00e1s hotel.&nbsp;Ve\u013ea \u0161\u0165astia a spokojn\u00fdch zakaznikov praje \u013dubica.<\/p>\n\n\n\n<p><\/p>\n\n\n\n<p><strong>L<\/strong>iebe Familie Rajnak,<\/p>\n\n\n\n<p>ein dickes und herzliches Dankesch\u00f6n f\u00fcr die liebevolle und \u00e4u\u00dferst professionelle Betreuung unserer kleinen Bella. Sie hat sich in Ihrem Hause, bei Ihrer Familie und auch bei Ihren Artgenossen sehr wohl gef\u00fchlt. Sie hat sogar ein wenig zugenommen, das beweist dass es ihr bei Ihnen sehr gut ging. Meine Familie und ich finden es toll, dass es eine solch gro\u00dfartige M\u00f6glichkeit wie Ihre Katzenpension gibt, um den kleinen Schmusetieren eine sicheres zu Hause zu geben und auch ein gro\u00dfes Gef\u00fchl von Geborgenheit, selbst wenn \u201eHerrchen oder Frauchen\u201c mal verreisen \u201em\u00fcssen\u201c. Tolle Sache!&nbsp;Mit Artgenossen spielen, im Freigehege Neues zu erkunden oder einfach mal in einer anderen Umgebung f\u00fcr sich alleine sein k\u00f6nnen, das ist die Katzenpension der Familie. Es ist sch\u00f6n und beruhigend zugleich seine Katze in guten, kompetenten H\u00e4nden zu wissen. Wir empfehlen diese Pension sehr gerne weiter und kommen auch sehr gerne wieder, denn\u2026.&nbsp;&nbsp;&nbsp;&nbsp;&nbsp;&nbsp;&nbsp;&nbsp;&nbsp;&nbsp;&nbsp;&nbsp;&nbsp;&nbsp;&nbsp;&nbsp;&nbsp;&nbsp;&nbsp;&nbsp;&nbsp;&nbsp;&nbsp;&nbsp;&nbsp;&nbsp;&nbsp;&nbsp;&nbsp;&nbsp;&nbsp;&nbsp;&nbsp;&nbsp;&nbsp;&nbsp;&nbsp;&nbsp;&nbsp;&nbsp;&nbsp;&nbsp;&nbsp;&nbsp;&nbsp;&nbsp;&nbsp;&nbsp;&nbsp;&nbsp;&nbsp;&nbsp;&nbsp;&nbsp;&nbsp;&nbsp;&nbsp;&nbsp;&nbsp;&nbsp;&nbsp;&nbsp;&nbsp;&nbsp;&nbsp;&nbsp;&nbsp;&nbsp;&nbsp;&nbsp;&nbsp;&nbsp;&nbsp;&nbsp;&nbsp;&nbsp;&nbsp;&nbsp;&nbsp;&nbsp;&nbsp;&nbsp;&nbsp;&nbsp;&nbsp;&nbsp;&nbsp;&nbsp;&nbsp;&nbsp;&nbsp;&nbsp;&nbsp;&nbsp;&nbsp;&nbsp;&nbsp;&nbsp;&nbsp;&nbsp;&nbsp;&nbsp;&nbsp;&nbsp;&nbsp;&nbsp;&nbsp;&nbsp;&nbsp;&nbsp;&nbsp;&nbsp;&nbsp;&nbsp;&nbsp;&nbsp;&nbsp;&nbsp;&nbsp;&nbsp;&nbsp;&nbsp;&nbsp;&nbsp;&nbsp;&nbsp;&nbsp;&nbsp;&nbsp;&nbsp;&nbsp;&nbsp;&nbsp; &nbsp;&nbsp;&nbsp;&nbsp;&nbsp;&nbsp;&nbsp;&nbsp;&nbsp;&nbsp;&nbsp;&nbsp;&nbsp;&nbsp;&nbsp; &nbsp;&nbsp;&nbsp;&nbsp;&nbsp;&nbsp;&nbsp;&nbsp;&nbsp;&nbsp;&nbsp;&nbsp;&nbsp;&nbsp;&nbsp;&nbsp;&nbsp;&nbsp;&nbsp;&nbsp;&nbsp;&nbsp;&nbsp;&nbsp;&nbsp;&nbsp;&nbsp;&nbsp;&nbsp;&nbsp;&nbsp;&nbsp;&nbsp;&nbsp;&nbsp;&nbsp;&nbsp;&nbsp;&nbsp;&nbsp;&nbsp;&nbsp;&nbsp;&nbsp;&nbsp;&nbsp;&nbsp;&nbsp;&nbsp;&nbsp;&nbsp;&nbsp;&nbsp;&nbsp;&nbsp;&nbsp;&nbsp;&nbsp;&nbsp;&nbsp;&nbsp;&nbsp;&nbsp;&nbsp;&nbsp;&nbsp;&nbsp;&nbsp;&nbsp;&nbsp;&nbsp;&nbsp;&nbsp;&nbsp;&nbsp;&nbsp;&nbsp;&nbsp;&nbsp;&nbsp;&nbsp;&nbsp;&nbsp;&nbsp;&nbsp;&nbsp;&nbsp;&nbsp;&nbsp;&nbsp;&nbsp;&nbsp;&nbsp;&nbsp;&nbsp;&nbsp;&nbsp;&nbsp;&nbsp;&nbsp;&nbsp;&nbsp;&nbsp;&nbsp;&nbsp;&nbsp;&nbsp;&nbsp;&nbsp;&nbsp;&nbsp;&nbsp;&nbsp;&nbsp;&nbsp;&nbsp;&nbsp;&nbsp;&nbsp;&nbsp;&nbsp;&nbsp;&nbsp;&nbsp;&nbsp;&nbsp;&nbsp;&nbsp;&nbsp;&nbsp;&nbsp;&nbsp;&nbsp;&nbsp;&nbsp;&nbsp;&nbsp;&nbsp;&nbsp;&nbsp;&nbsp;&nbsp;&nbsp;&nbsp;&nbsp;&nbsp;&nbsp;&nbsp;&nbsp;&nbsp;&nbsp;&nbsp;&nbsp;&nbsp;&nbsp;&nbsp; &nbsp;&nbsp; der n\u00e4chste Urlaub kommt bestimmt. Vielen lieben Dank <\/p>\n\n\n\n<p>Oliver<\/p>\n\n\n\n<p><\/p>\n\n\n\n<div class=\"wp-block-image\"><figure class=\"alignleft is-resized\"><img decoding=\"async\" loading=\"lazy\" src=\"https:\/\/www.spokojnamacka.sk\/wp-content\/uploads\/2018\/10\/IMG-20181023-WA0004-169x300.jpg\" alt=\"\" class=\"wp-image-1323\" width=\"108\" height=\"192\"\/><\/figure><\/div>\n\n\n\n<p><strong>V<\/strong>\u00e1\u0161 ma\u010dac\u00ed hotel som vyu\u017eila prv\u00fdkr\u00e1t a prizn\u00e1m sa, spo\u010diatku som mala obavy ako to bude zn\u00e1\u0161a\u0165 koc\u00farik a kde bude umiestnen\u00fd. Stretnutie s majite\u013eom bolo \u00fastretov\u00e9 a mil\u00e9, porozpr\u00e1val a vysvetlil v\u0161etko potrebn\u00e9 a ke\u010f som nakukla dnu, hne\u010f zo m\u0148a opadli v\u0161etky obavy. \u010cist\u00e9, vo\u0148av\u00e9 a presvetlen\u00e9 priestory s voli\u00e9rou, vidno \u017ee maj\u00fa vz\u0165ah k ma\u010di\u010dk\u00e1m. Nieko\u013ekokr\u00e1t mi aj poslali fotku alebo video, ke\u010f som po\u017eiadala. Nem\u00e1m \u010do vytkn\u00fa\u0165. Ma\u010di\u010dk\u00e1m sa venuj\u00fa a je o nich dobre postaran\u00e9. Som spokojn\u00e1 a v b\u00faducnosti jedine SPOKOJNA MACKA?<\/p>\n\n\n\n<p>Sona K.<\/p>\n\n\n\n<p><\/p>\n\n\n\n<p><\/p>\n\n\n\n<p><\/p>\n\n\n\n<div class=\"wp-block-image\"><figure class=\"alignright is-resized\"><a href=\"https:\/\/www.spokojnamacka.sk\/wp-content\/uploads\/2018\/09\/c53ee610-37d3-4c66-b9b7-3f0282101a5f.jpg\"><img decoding=\"async\" loading=\"lazy\" src=\"https:\/\/www.spokojnamacka.sk\/wp-content\/uploads\/2018\/09\/c53ee610-37d3-4c66-b9b7-3f0282101a5f-225x300.jpg\" alt=\"\" class=\"wp-image-1289\" width=\"145\" height=\"194\"\/><\/a><\/figure><\/div>\n\n\n\n<p><strong>H<\/strong>otel Spokojn\u00e1 macka sme vyu\u017eili po prv\u00fdkr\u00e1t. Bolo to na posledn\u00fa chv\u00ed\u013eu pred na\u0161ou ne\u010dakanou cestou, ale majite\u013e bol ve\u013emi ochotn\u00fd a vy\u0161iel n\u00e1m v \u00fastrety. Na\u0161a ma\u010di\u010dka je v\u017edy vystra\u0161en\u00e1 z nov\u00e9ho prostredia, ale bolo vidno, \u017ee majite\u013e ma bohat\u00e9 sk\u00fasenosti, s ktor\u00fdmi sa s nami ochotne podelil.\u00a0Hotel bol priestrann\u00fd a presvetlen\u00fd, ve\u013emi \u010dist\u00fd a dobre udr\u017eiavan\u00fd. Ur\u010dite sa tam vr\u00e1time pri na\u0161ej \u010fal\u0161ej ceste. \u010eakujem.<\/p>\n\n\n\n<p>Ivana Taw.<\/p>\n\n\n\n<p><\/p>\n\n\n\n<p><strong>N<\/strong>a\u0161a osobn\u00e1 sk\u00fasenos\u0165 s\u00a0hotelom SPOKOJN\u00c1 MA\u010cKA za\u010dala asi pred dvomi rokmi. Ako asi v\u0161etci majitelia ma\u010diek a\u00a0koc\u00farov aj my sme boli nad\u0161en\u00ed na\u0161\u00edm ma\u010diatkom. A\u00a0a\u017e do momentu na\u0161ej prvej dovolenky, ke\u010f sme si uvedomili, \u017ee nem\u00e1me kam \u201eodlo\u017ei\u0165\u201c na\u0161u ma\u010di\u010dku. Najprv sme to rie\u0161ili rodinn\u00fdmi pr\u00edslu\u0161n\u00edkmi, ale samozrejme nie v\u0161etci s\u00fa v\u00a0na\u0161om okol\u00ed, a\u00a0dovoz a\u00a0odvoz ma\u010di\u010dky bol komplikovan\u00fd. Tak sme popozerali internet a\u00a0na\u0161li sme kontakt na hotel SPOKOJN\u00c1 MA\u010cKA. U\u017e po prvom ubytovan\u00ed sme vedeli, \u017ee majitelia prev\u00e1dzkuj\u00fa hotel nie za \u00fa\u010delom r\u00fdchleho zarobenia finan\u010dn\u00fdch prostriedkov, ale hlavne preto, lebo maj\u00fa radi ma\u010di\u010dky. Pr\u00edstup bol promptn\u00fd, a\u00a0hlavne fantastick\u00fd. Z\u00a0majite\u013eov je v\u00a0prvom rade vy\u017earuje dobr\u00e1 energia a\u00a0l\u00e1ska k\u00a0zvierat\u00e1m. A\u00a0to si mysl\u00edm, \u017ee je hlavn\u00e9 krit\u00e9rium. Preto hotel SPOKOJN\u00c1 MA\u010cKA odpor\u00fa\u010dam v\u0161etk\u00fdm majite\u013eom ma\u010dac\u00edch rodinn\u00fdch pr\u00edslu\u0161n\u00edkov.              <\/p>\n\n\n\n<p>rodina R\u00e9p.<\/p>\n\n\n\n<p><\/p>\n\n\n\n<p><strong>S<\/strong> Va\u0161\u00edm hotelom som \u00faplne spokojn\u00fd v\u017edy ke\u010f som potreboval ste boli ochotn\u00fd ma\u010dku prija\u0165 a ke\u010f som ju vyzdvihol bola \u00faplne spokojn\u00e1, \u010dist\u00e1 a perfektne o \u0148u bolo postaran\u00e9. V\u0161etk\u00fdm \u010do potrebuj\u00fa ubytova\u0165 zieratko, odpor\u00fa\u010dam V\u00e1\u0161 hotel.      <\/p>\n\n\n\n<p>Luk\u00e1\u0161 Pop.<\/p>\n\n\n\n<p><\/p>\n\n\n\n<p><strong>M<\/strong>ozem len doporucit \u2013 my sme velmi spokojni zakaznici. O nasu Kitty bolo viackrat velmi dobre postarane, vratila sa domov v absolutnej pohode ( v lete roku 2016 stravila v hoteli dokonca az 14 dni bez prerusenia ). Majitelia nam vysli vzdy maximalne v ustrety a zaroven nevahali investovat cas do stretnutia pred ubytovanim\u2018 a oboznamenim nas, ako to v hoteli \u201achodi\u2018, ukazali nam ostatne macky a podebatovali s detmi.       <\/p>\n\n\n\n<p>Martina Kop.<\/p>\n\n\n\n<p><\/p>\n\n\n\n<p><strong>I<\/strong>\u00a0wish to thank you very much for the services you rendered to me and to my cat, Archie. I have really appreciated your flexibility and the care with which you treated my cat. The service was very good, and I will use it for sure again. I will for sure recommend you to my friends.  <\/p>\n\n\n\n<p>Best regards<br>Antonio<\/p>\n\n\n\n<p><\/p>\n\n\n\n<p class=\"has-text-align-left\"><strong>T<\/strong>hank you very much to Gabriel and his family team in taking care so nicely after our cat Franka during her stay in your cat hotel \u201aSpokojna Macka\u2018! We brought Franka multiple times when we needed to go on vacation or are out of town and we really appreciate very nice attitude to us and our cat. We can always rely on your help in hosting our cat in your hotel whenever needed. Franecka always comes back happy and healthy while also she makes friends with other cats ? Especially nice to be receiving updates in photos and news, so we are not worried about how she is doing. We are lucky to have discovered such a safe and lovely hotel for our Franka and will certainly bring her back! Thank you very much! <\/p>\n\n\n\n<p class=\"has-text-align-left\">Best regards,                                                                                                           Ru\u017cena and Jordan<\/p>\n\n\n\n<p><\/p>\n\n\n\n<p><strong>M<\/strong>eine beiden Katzen (8 und 16 Jahre) waren jetzt schon ein paar Mal in dieser Katzenpension. Gabriel und seine Familie k\u00fcmmern sich prima um das Wohl aller Katzen. Sie spielen mit ihnen im \u201eGemeinschaftsraum\u201c und achten auch auf etwaige gesundheitliche Ver\u00e4nderungen, die notfalls umgehend per Email mitgeteilt werden, damit weiteres Vorgehen abgesprochen werden kann. Die neuen Boxen sind sehr ger\u00e4umig und stets gepflegt, das Futter hochwertig. Man kann aber auch selbst Futter f\u00fcr seine Katzen mitbringen. Das vertraute Verh\u00e4ltnis meiner beiden Katzen zu Gabriel zeigt mir, da\u00df sie sich dort wohl f\u00fchlen. Ich werde sie immer wieder gerne dorthin bringen.<\/p>\n\n\n\n<p>Kind regards,<br>Tina<\/p>\n","protected":false},"excerpt":{"rendered":"<p>Hotel Spokojn\u00e1 ma\u010dka som za\u010dala vyu\u017e\u00edva\u0165, ke\u010f m\u00f4j koc\u00far Tom bol e\u0161te\u00a0ma\u010diatko (2019), lebo som nena\u0161la zodpovedn\u00e9ho \u010dloveka, ktor\u00fd by ho po\u010das mojej nepr\u00edtomnosti s l\u00e1skou opatril. Najviac som sa ob\u00e1vala, \u017ee by pr\u00edpadn\u00e9mu opatrovn\u00edkovi\u00a0utiekol, alebo keby nastal nejak\u00fd probl\u00e9m, obratom by ma\u00a0kontaktovali, \u017ee si&nbsp;&hellip;<\/p>\n","protected":false},"author":1,"featured_media":0,"parent":0,"menu_order":0,"comment_status":"closed","ping_status":"closed","template":"template-full.php","meta":{"footnotes":""},"_links":{"self":[{"href":"https:\/\/www.spokojnamacka.sk\/index.php?rest_route=\/wp\/v2\/pages\/376"}],"collection":[{"href":"https:\/\/www.spokojnamacka.sk\/index.php?rest_route=\/wp\/v2\/pages"}],"about":[{"href":"https:\/\/www.spokojnamacka.sk\/index.php?rest_route=\/wp\/v2\/types\/page"}],"author":[{"embeddable":true,"href":"https:\/\/www.spokojnamacka.sk\/index.php?rest_route=\/wp\/v2\/users\/1"}],"replies":[{"embeddable":true,"href":"https:\/\/www.spokojnamacka.sk\/index.php?rest_route=%2Fwp%2Fv2%2Fcomments&post=376"}],"version-history":[{"count":7,"href":"https:\/\/www.spokojnamacka.sk\/index.php?rest_route=\/wp\/v2\/pages\/376\/revisions"}],"predecessor-version":[{"id":385,"href":"https:\/\/www.spokojnamacka.sk\/index.php?rest_route=\/wp\/v2\/pages\/376\/revisions\/385"}],"wp:attachment":[{"href":"https:\/\/www.spokojnamacka.sk\/index.php?rest_route=%2Fwp%2Fv2%2Fmedia&parent=376"}],"curies":[{"name":"wp","href":"https:\/\/api.w.org\/{rel}","templated":true}]}}