{"id":20,"date":"2020-04-01T12:57:59","date_gmt":"2020-04-01T10:57:59","guid":{"rendered":"https:\/\/test.spokojnamacka.sk\/?page_id=20"},"modified":"2024-03-21T21:57:10","modified_gmt":"2024-03-21T20:57:10","slug":"hotel-pre-macky","status":"publish","type":"page","link":"https:\/\/www.spokojnamacka.sk\/","title":{"rendered":"Hotel pre ma\u010dky"},"content":{"rendered":"\n<p class=\"has-text-align-center\"><a href=\"https:\/\/www.spokojnamacka.sk\/?p=47\" data-type=\"post\" data-id=\"47\">English version<\/a><\/p>\n\n\n\n<p><\/p>\n\n\n\n<figure class=\"wp-block-pullquote\"><blockquote><p>Postar\u00e1me sa o va\u0161u ma\u010di\u010dku po\u010das dovolenky. Pr\u00eddite n\u00e1s nez\u00e1v\u00e4zne nav\u0161t\u00edvi\u0165, aby ste na vlastn\u00e9 o\u010di videli ako funguje hotel pre ma\u010dky. Radi zodpovieme v\u0161etky va\u0161e ot\u00e1zky.<\/p><\/blockquote><\/figure>\n\n\n<div class=\"wp-block-image\">\n<figure class=\"aligncenter size-large\"><img decoding=\"async\" loading=\"lazy\" width=\"1000\" height=\"1000\" src=\"https:\/\/test.spokojnamacka.sk\/wp-content\/uploads\/2021\/06\/dov_leto2021w.jpg\" alt=\"\" class=\"wp-image-391\" srcset=\"https:\/\/www.spokojnamacka.sk\/wp-content\/uploads\/2021\/06\/dov_leto2021w.jpg 1000w, https:\/\/www.spokojnamacka.sk\/wp-content\/uploads\/2021\/06\/dov_leto2021w-300x300.jpg 300w, https:\/\/www.spokojnamacka.sk\/wp-content\/uploads\/2021\/06\/dov_leto2021w-150x150.jpg 150w, https:\/\/www.spokojnamacka.sk\/wp-content\/uploads\/2021\/06\/dov_leto2021w-768x768.jpg 768w\" sizes=\"(max-width: 1000px) 100vw, 1000px\" \/><\/figure><\/div>\n\n\n<p>Ur\u010dite to pozn\u00e1te. Kone\u010dne sa bl\u00ed\u017ei dovolenka. N\u00e1lada je super, pr\u00edpravy s\u00fa v plnom pr\u00fade. V\u0161etko je perfektn\u00e9 a\u017e na to, \u010do bude s ma\u010di\u010dkou. Nem\u00e1 ju kto postr\u00e1\u017ei\u0165 a z\u00fafalstvo sa za\u010d\u00edna stup\u0148ova\u0165.<\/p>\n\n\n\n<p>Ako sa postara\u0165 o ma\u010dku a zachr\u00e1ni\u0165 to\u013eko o\u010dak\u00e1van\u00fa dovolenku? Do bytu si predsa nikoho nepust\u00edte a sama tak dlho zosta\u0165 nem\u00f4\u017ee. Mohla by pom\u00f4c\u0165 suseda, \u010di niekto z rodiny. Len\u017ee so susedou ste u\u017e mesiac na no\u017ee a rodina v\u00e1s m\u00e1 v \u017eal\u00fadku u\u017e len preto, \u017ee idete na dovolenku a oni nie.<\/p>\n\n\n<div class=\"wp-block-image\">\n<figure class=\"aligncenter size-large\"><img decoding=\"async\" loading=\"lazy\" width=\"1024\" height=\"760\" src=\"https:\/\/test.spokojnamacka.sk\/wp-content\/uploads\/2020\/04\/hpmacka01-1-1024x760.jpg\" alt=\"\" class=\"wp-image-67\" srcset=\"https:\/\/www.spokojnamacka.sk\/wp-content\/uploads\/2020\/04\/hpmacka01-1-1024x760.jpg 1024w, https:\/\/www.spokojnamacka.sk\/wp-content\/uploads\/2020\/04\/hpmacka01-1-300x223.jpg 300w, https:\/\/www.spokojnamacka.sk\/wp-content\/uploads\/2020\/04\/hpmacka01-1-768x570.jpg 768w, https:\/\/www.spokojnamacka.sk\/wp-content\/uploads\/2020\/04\/hpmacka01-1.jpg 1500w\" sizes=\"(max-width: 1024px) 100vw, 1024px\" \/><\/figure><\/div>\n\n\n<div class=\"wp-block-columns is-layout-flex wp-container-3 wp-block-columns-is-layout-flex\">\n<div class=\"wp-block-column is-layout-flow wp-block-column-is-layout-flow\">\n<h4 class=\"wp-block-heading\">Chcete aby ma\u010dka bola :<\/h4>\n\n\n\n<ul>\n<li>v bezpe\u010d\u00ed<\/li>\n\n\n\n<li>nak\u0155men\u00e1<\/li>\n\n\n\n<li>v \u010distote<\/li>\n\n\n\n<li>pod dozorom \u010di je v poriadku<\/li>\n\n\n\n<li>v dobrej spolo\u010dnosti<\/li>\n\n\n\n<li>v pohode<\/li>\n<\/ul>\n<\/div>\n\n\n\n<div class=\"wp-block-column is-layout-flow wp-block-column-is-layout-flow\">\n<h4 class=\"wp-block-heading\">Ale nechcete :<\/h4>\n\n\n\n<ul>\n<li>aby bola vystresovan\u00e1<\/li>\n\n\n\n<li>aby bola osamel\u00e1<\/li>\n\n\n\n<li>otravova\u0165 susedov<\/li>\n\n\n\n<li>pros\u00edka\u0165 zn\u00e1mych o slu\u017ebi\u010dku<\/li>\n\n\n\n<li>d\u00e1va\u0165 k\u013e\u00fa\u010de od bytu cudz\u00edm \u013eu\u010fom<\/li>\n\n\n\n<li>by\u0165 niekomu za to zaviazan\u00fd<\/li>\n<\/ul>\n<\/div>\n<\/div>\n\n\n<div class=\"wp-block-image\">\n<figure class=\"aligncenter size-large\"><img decoding=\"async\" loading=\"lazy\" width=\"1024\" height=\"680\" src=\"https:\/\/test.spokojnamacka.sk\/wp-content\/uploads\/2020\/05\/lilien-1024x680.jpg\" alt=\"\" class=\"wp-image-362\" srcset=\"https:\/\/www.spokojnamacka.sk\/wp-content\/uploads\/2020\/05\/lilien-1024x680.jpg 1024w, https:\/\/www.spokojnamacka.sk\/wp-content\/uploads\/2020\/05\/lilien-300x199.jpg 300w, https:\/\/www.spokojnamacka.sk\/wp-content\/uploads\/2020\/05\/lilien-768x510.jpg 768w, https:\/\/www.spokojnamacka.sk\/wp-content\/uploads\/2020\/05\/lilien-1536x1020.jpg 1536w, https:\/\/www.spokojnamacka.sk\/wp-content\/uploads\/2020\/05\/lilien-2048x1360.jpg 2048w, https:\/\/www.spokojnamacka.sk\/wp-content\/uploads\/2020\/05\/lilien-850x565.jpg 850w\" sizes=\"(max-width: 1024px) 100vw, 1024px\" \/><\/figure><\/div>\n\n\n<h4 class=\"wp-block-heading\">Kto sa mi postar\u00e1 o mil\u00e1\u010dika ?<\/h4>\n\n\n\n<p>M\u00f4\u017eete v k\u013eude a bez starost\u00ed cestova\u0165. Postar\u00e1me sa o va\u0161u ma\u010di\u010dku \u010di koc\u00farika ako o svojho. Pon\u00fakame v\u00e1m jednoduch\u00e9 a bezstarostn\u00e9 rie\u0161enie. Ubytujte v\u00e1\u0161ho mil\u00e1\u010dika v na\u0161om hoteli pre ma\u010dky. Zabezpe\u010dujeme celodenn\u00fa kompletn\u00fa starostlivos\u0165 pre va\u0161ich ma\u010dac\u00edch mil\u00e1\u010dikov v \u010dase, ke\u010f odch\u00e1dzate na slu\u017eobn\u00fa cestu, dovolenku, ly\u017eova\u010dku do k\u00fape\u013eov alebo napr\u00edklad len na v\u00edkend mimo mesto. Ku ka\u017ed\u00e9mu n\u00e1\u0161mu mal\u00e9mu klientovi pristupujeme s l\u00e1skou a trpezlivou starostlivos\u0165ou, ktor\u00e1 mu umo\u017en\u00ed pr\u00edjemne str\u00e1vi\u0165 dobu, po\u010das ktorej sa mu nem\u00f4\u017eete venova\u0165 vy.<\/p>\n\n\n\n<h4 class=\"wp-block-heading\">D\u00f4veruj ale preveruj&nbsp;<\/h4>\n\n\n\n<p>Zavolajte n\u00e1m a dohodnite si nez\u00e1v\u00e4zn\u00fa prehliadku hotela. Presved\u010d\u00edte sa na vlastn\u00e9 o\u010di ako hotel vyzer\u00e1 a uvid\u00edte pohodov\u00fdch ma\u010dac\u00edch host\u00ed. Potom u\u017e nebude \u017eiaden probl\u00e9m vycestova\u0165 na vyt\u00fa\u017een\u00fa dovolenku. Ak nem\u00e1te \u010das, pozrite si zop\u00e1r obr\u00e1zkov v na\u0161ej\u00a0<a href=\"https:\/\/spokojnamacka.sk\/category\/hotel\/\" data-type=\"category\" data-id=\"4\">gal\u00e9rii<\/a>.<\/p>\n\n\n\n<h4 class=\"wp-block-heading\">Pre\u010do si vybra\u0165 n\u00e1\u0161 hotel ?<\/h4>\n\n\n\n<ul>\n<li>va\u0161a bezpe\u010dnos\u0165, nikto nebude chodi\u0165 do va\u0161eho bytu\/domu<\/li>\n\n\n\n<li>svetl\u00e9 a vzdu\u0161n\u00e9 priestory s ve\u013ek\u00fdmi oknami<\/li>\n\n\n\n<li>priestrann\u00e9 ubytovanie zabezpe\u010duj\u00face k\u013eud a s\u00fakromie aj pre plach\u00e9 ma\u010di\u010dky<\/li>\n\n\n\n<li>prelieza\u010dky a hra\u010dky<\/li>\n\n\n\n<li>z\u00e1hradn\u00e1 vonkaj\u0161ia voli\u00e9ra na vybehanie<\/li>\n\n\n\n<li>vonkaj\u0161ie ubytovacie priestory pre letn\u00fa sez\u00f3nu<\/li>\n\n\n\n<li>socializ\u00e1cia ma\u010di\u010diek<\/li>\n\n\n\n<li>k\u013eud a pohoda<\/li>\n<\/ul>\n\n\n\n<h4 class=\"wp-block-heading\">Ako to funguje ?<\/h4>\n\n\n\n<ul>\n<li>nepovinn\u00e1\/nez\u00e1v\u00e4zn\u00e1 obhliadka<\/li>\n\n\n\n<li>rezerv\u00e1cia na webe (<a href=\"https:\/\/www.spokojnamacka.sk\/#register\">v dolnej \u010dasti webu<\/a>)<\/li>\n\n\n\n<li>pr\u00edprava na ubytovanie\n<ul>\n<li>zdrav\u00e1 ma\u010dka<\/li>\n\n\n\n<li>o\u010dkovac\u00ed preukaz s platnou vakcin\u00e1ciou (besnota, infek\u010dn\u00e9 ochorenia)<\/li>\n\n\n\n<li>prenosn\u00e1 klietka<\/li>\n\n\n\n<li>krmivo (granule, konzervy, kapsi\u010dky)<\/li>\n\n\n\n<li>pelie\u0161ok<\/li>\n\n\n\n<li>hra\u010dka<\/li>\n<\/ul>\n<\/li>\n\n\n\n<li>pr\u00edchod do hotela v dohodnut\u00fd \u010das<\/li>\n\n\n\n<li>predstavenie hotela<\/li>\n\n\n\n<li>ubytovanie ma\u010dky<\/li>\n\n\n\n<li>platba vopred<\/li>\n\n\n\n<li>bezstarostn\u00fd odchod na dovolenku<\/li>\n<\/ul>\n\n\n\n<h5 class=\"wp-block-heading\">Ako funguje hotel ?<\/h5>\n\n\n\n<ul>\n<li>ka\u017ed\u00e1 ma\u010di\u010dka m\u00e1 vlastn\u00fa klietku a WC z bezpe\u010dnostn\u00fdch a hygienick\u00fdch dovodov<\/li>\n\n\n\n<li>rann\u00e9 k\u0155menie a upratovanie<\/li>\n\n\n\n<li>rann\u00e9 aktivity (pohranie sa)<\/li>\n\n\n\n<li>pr\u00edjem a odchod ma\u010di\u010diek<\/li>\n\n\n\n<li>doobednaj\u0161\u00ed k\u013eud(ma\u010di\u010dky va\u010d\u0161inou spia)<\/li>\n\n\n\n<li>poobedn\u00e9 aktivity  <\/li>\n\n\n\n<li>ve\u010dern\u00e9 k\u0155menie a upratovanie<\/li>\n\n\n\n<li>ve\u010dern\u00e9 aktivity <\/li>\n\n\n\n<li>pr\u00edjem a odchod ma\u010di\u010diek<\/li>\n\n\n\n<li>no\u010dn\u00fd k\u013eud<\/li>\n<\/ul>\n\n\n\n<p><\/p>\n\n\n\n<figure class=\"wp-block-image size-large\"><img decoding=\"async\" loading=\"lazy\" width=\"1024\" height=\"680\" src=\"https:\/\/test.spokojnamacka.sk\/wp-content\/uploads\/2020\/05\/spolu014-1024x680.jpg\" alt=\"\" class=\"wp-image-364\" srcset=\"https:\/\/www.spokojnamacka.sk\/wp-content\/uploads\/2020\/05\/spolu014-1024x680.jpg 1024w, https:\/\/www.spokojnamacka.sk\/wp-content\/uploads\/2020\/05\/spolu014-300x199.jpg 300w, https:\/\/www.spokojnamacka.sk\/wp-content\/uploads\/2020\/05\/spolu014-768x510.jpg 768w, https:\/\/www.spokojnamacka.sk\/wp-content\/uploads\/2020\/05\/spolu014-1536x1020.jpg 1536w, https:\/\/www.spokojnamacka.sk\/wp-content\/uploads\/2020\/05\/spolu014-2048x1360.jpg 2048w, https:\/\/www.spokojnamacka.sk\/wp-content\/uploads\/2020\/05\/spolu014-850x565.jpg 850w\" sizes=\"(max-width: 1024px) 100vw, 1024px\" \/><\/figure>\n\n\n\n<p><\/p>\n\n\n\n<h3 class=\"wp-block-heading has-text-align-left\">Cenn\u00edk ubytovania<\/h3>\n\n\n\n<p><\/p>\n\n\n\n<figure class=\"wp-block-table is-style-stripes\"><table><tbody><tr><td><\/td><td><\/td><td><\/td><\/tr><tr><td>ubytovanie<\/td><td><\/td><td>13 euro<\/td><\/tr><tr><td>strava<\/td><td><\/td><td>2 euro<\/td><\/tr><\/tbody><\/table><\/figure>\n\n\n\n<h3 class=\"wp-block-heading\">Podmienky prijatia<\/h3>\n\n\n\n<ul>\n<li>dobr\u00fd zdravotn\u00fd stav<\/li>\n\n\n\n<li>platn\u00e9 o\u010dkovanie proti besnote a infek\u010dn\u00fdm ochoreniam<\/li>\n\n\n\n<li>kastrovan\u00fd koc\u00far star\u0161\u00ed 8 mesiacov<\/li>\n\n\n\n<li>bez poopera\u010dnej starostlivosti<\/li>\n\n\n\n<li>pod\u00e1vanie liekov hl\u00e1si\u0165 vopred<\/li>\n<\/ul>\n\n\n\n<p><\/p>\n\n\n\n<h2 class=\"wp-block-heading\">Upozornenie<\/h2>\n\n\n\n<figure class=\"wp-block-pullquote\"><blockquote><p>30.3.2024 hotel ukon\u010duje svoju prev\u00e1dzku.<br><\/p><\/blockquote><\/figure>\n","protected":false},"excerpt":{"rendered":"<p>English version Postar\u00e1me sa o va\u0161u ma\u010di\u010dku po\u010das dovolenky. Pr\u00eddite n\u00e1s nez\u00e1v\u00e4zne nav\u0161t\u00edvi\u0165, aby ste na vlastn\u00e9 o\u010di videli ako funguje hotel pre ma\u010dky. Radi zodpovieme v\u0161etky va\u0161e ot\u00e1zky. Ur\u010dite to pozn\u00e1te. Kone\u010dne sa bl\u00ed\u017ei dovolenka. N\u00e1lada je super, pr\u00edpravy s\u00fa v plnom pr\u00fade. V\u0161etko&nbsp;&hellip;<\/p>\n","protected":false},"author":1,"featured_media":0,"parent":0,"menu_order":0,"comment_status":"closed","ping_status":"closed","template":"template-full.php","meta":{"footnotes":""},"_links":{"self":[{"href":"https:\/\/www.spokojnamacka.sk\/index.php?rest_route=\/wp\/v2\/pages\/20"}],"collection":[{"href":"https:\/\/www.spokojnamacka.sk\/index.php?rest_route=\/wp\/v2\/pages"}],"about":[{"href":"https:\/\/www.spokojnamacka.sk\/index.php?rest_route=\/wp\/v2\/types\/page"}],"author":[{"embeddable":true,"href":"https:\/\/www.spokojnamacka.sk\/index.php?rest_route=\/wp\/v2\/users\/1"}],"replies":[{"embeddable":true,"href":"https:\/\/www.spokojnamacka.sk\/index.php?rest_route=%2Fwp%2Fv2%2Fcomments&post=20"}],"version-history":[{"count":77,"href":"https:\/\/www.spokojnamacka.sk\/index.php?rest_route=\/wp\/v2\/pages\/20\/revisions"}],"predecessor-version":[{"id":1382,"href":"https:\/\/www.spokojnamacka.sk\/index.php?rest_route=\/wp\/v2\/pages\/20\/revisions\/1382"}],"wp:attachment":[{"href":"https:\/\/www.spokojnamacka.sk\/index.php?rest_route=%2Fwp%2Fv2%2Fmedia&parent=20"}],"curies":[{"name":"wp","href":"https:\/\/api.w.org\/{rel}","templated":true}]}}